inder when q is divided by 19.
16
Suppose -4*h = -66 - 2. Let a be 2 + (-296)/(-2) - (-4)/1. Suppose 0 = 5*w + 11 + 14, -3*f = -2*w - a. Calculate the remainder when f is divided by h.
14
Let l = 202 - 196. Calculate the remainder when (3/l)/((45/110)/9) is divided by 1.
0
Let j be -32*(2 - ((-36)/(-8) - -1)). Let r be (-457)/(-7) + (-32)/j. Let l = r - 42. Calculate the remainder when l is divided by 13.
10
What is the remainder when 3216 + (-18)/6 + 0 is divided by 134?
131
Let n = -1383 + 2639. Suppose 0 = 12*t - 424 - n. Calculate the remainder when t is divided by 16.
12
Suppose 4*g + 410 = 1154. Let n = 39522 - 39459. Calculate the remainder when g is divided by n.
60
Suppose 4*c = -12, -28*c - 43 = -n - 24*c. Let j = -65 - -151. Calculate the remainder when j is divided by n.
24
Let s = 1390 - 912. Calculate the remainder when s is divided by 45.
28
Let c(o) = 37*o + 195. Calculate the remainder when 281 is divided by c(-4).
46
Let z = -9302 + 9685. Calculate the remainder when z is divided by 40.
23
Suppose 99*v - 100*v + 825 = 4*l, -5*v = 15. Let u(t) = t**3 + 6*t**2 - 2*t + 7. Calculate the remainder when l is divided by u(-6).
17
Suppose -2*t = -30 - 22. Let k = 760 - 682. Calculate the remainder when k is divided by t.
0
Suppose -3 = -u + 34. Suppose -17*y = -606 - 3117. Calculate the remainder when y is divided by u.
34
Let l(a) = 2*a**2 - 4*a - 5. Let q = -6549 - -6561. Calculate the remainder when q is divided by l(4).
1
Suppose 0 = -3*o - x + 81, 4*o - 268*x = -266*x + 108. What is the remainder when 43 is divided by o?
16
Suppose -7*d + 15*d - 104 = 0. Let m(w) = 46*w - d*w - 17*w + 197 - 14*w. What is the remainder when m(0) is divided by 50?
47
Suppose 0 = -5*j, -u + 4*j + 8 = -3. Suppose o - 8 - u = 0. What is the remainder when (-129408)/(-1440) - 2/(-15) is divided by o?
14
Suppose 2*o + 76 = 2*p, 3*p - 144 + 37 = -4*o. Let c(f) = -2055*f - 8084. Calculate the remainder when c(-4) is divided by p.
25
Let b(x) = 7*x**3 + 419*x**2 - 60*x + 44. Calculate the remainder when 1627 is divided by b(-60).
43
Let y = 53 + -9. Calculate the remainder when 2/(18/(-131))*(-55 - 1978/(-43)) is divided by y.
43
Let j = 297 - 139. Let g be ((-6)/(-21))/(2/(-28)*-2). Suppose -6*a + 212 = -g*a. What is the remainder when j is divided by a?
52
Suppose -799 = -96*l - 610 + 2883. What is the remainder when 1465 is divided by l?
25
Suppose y = g + 13, -3*y + 3*g + 37 = g. Suppose -y - 199 = -2*u. Calculate the remainder when u is divided by 11.
6
Suppose 0 = 5*a + 2*l - 17, 0*l - 2*l - 7 = -3*a. Suppose 4*g - 7 = -a. Calculate the remainder when 10 is divided by (11 - 5)*g/2.
1
Let o(t) = -3*t**3 - 10*t**2 - 5*t - 7. Calculate the remainder when o(-7) is divided by ((-200)/300)/(1/(-3))*(-71)/(-2).
70
Suppose -3*w + x = -219, 5*x + 3 - 132 = -2*w. Calculate the remainder when w is divided by 2/(-8)*(-180 + 20).
32
Let z = 51 - -21. Suppose 3*v + z = 5*m, v - 56 = -4*m + 3*v. Calculate the remainder when 77 is divided by m.
5
Suppose 18*p = -9*p + 2*p + 34450. What is the remainder when p is divided by 23?
21
Suppose -3*x = 4*q - 0*x - 38, 4*q - 5*x = -10. What is the remainder when 18 is divided by q?
3
Let x = 44 - -4476. What is the remainder when x is divided by 266?
264
Let k(z) = 2*z**2 + 16*z - 23. Let o be k(-9). What is the remainder when o - 3186/(-6) - 4 is divided by 35?
32
Suppose -4*u = -u - 3, 4*h + 5*u - 17 = 0. Suppose h*a = -q + 37, -3*a - 4*q + 45 = -7*q. Calculate the remainder when a is divided by 3.
1
Let r(z) = -z**3 - 25*z**2 - 142*z - 269. Calculate the remainder when 1824 is divided by r(-18).
0
Let n(p) = 2*p**2 - 7*p + 35. Let l be n(13). What is the remainder when (l/24 - 6)*8 is divided by 11?
2
Calculate the remainder when 182 is divided by (-2)/(-27) - (-35724)/1053.
12
Suppose 110 = -7*g - 2*n + 220, -4*g - n + 62 = 0. Calculate the remainder when 3483 is divided by g.
11
Suppose 919764 + 648686 = 95*o. What is the remainder when o is divided by 7?
4
Suppose 74*v - 78*v - 8 = 4*b, -b + 5*v + 40 = 0. Calculate the remainder when 4889 is divided by b.
4
Suppose i - 5*y + 8 = -6*y, 5*y + 34 = -4*i. Suppose 3*h = 0, 27 = -0*z + z - h. What is the remainder when (-165)/i*(-56)/(-20) is divided by z?
23
Let q = -6308 - -6327. Calculate the remainder when q is divided by 10.
9
Let q(p) = p**3 + 123*p**2 - 113*p + 1742. Calculate the remainder when q(-124) is divided by 45.
18
What is the remainder when (-8)/(-10) - 3/(-15) - -203 is divided by 1*287/(-7)*-1?
40
Suppose 4*o - 8 = 0, 3*k - 56*o - 5533 = -55*o. Calculate the remainder when k is divided by 1842.
3
Suppose -4*x = -24, 0*j + 27 = 3*j + 4*x. Calculate the remainder when 101 is divided by j.
0
Let h = 2350 + -2354. Let z(q) = 2*q - q**3 - 12 - q**2 - q**2 - 1. Calculate the remainder when 20 is divided by z(h).
9
Let v = 3453 + -3298. Calculate the remainder when v is divided by 50.
5
Let b = -11556 + 12886. What is the remainder when b is divided by 221?
4
Let z = 98 - 54. Let d be -5*((-274)/(-20) + 10/100). Let c = 74 + d. Calculate the remainder when z is divided by c.
4
Let z(c) = 42*c - 376. Let i be z(9). Suppose 10 = 2*d - 4. What is the remainder when (i - (-57 - -9)) + -3 is divided by d?
5
Let n(p) = -p**3 - 10*p**2 + 14*p + 35. Let v be n(-11). Calculate the remainder when -1*1/(v/(-134)) is divided by 25.
17
Suppose 100575 = 804*c - 777*c. Calculate the remainder when c is divided by 54.
53
Suppose 12*o = -3*g + 14*o + 9787, -16299 = -5*g - 3*o. What is the remainder when g is divided by 136?
133
Let n = 69 - -369. Suppose -31142*d + 799 + 2237 = -31073*d. Calculate the remainder when n is divided by d.
42
Let p(v) = -12*v - 714 + 365 + 365. Calculate the remainder when p(-15) is divided by 102.
94
Suppose 0 = v + z - 36, -3*z - 46 = -3*v + 68. Suppose 2719 + 9522 = 454*p - 48141. What is the remainder when p is divided by v?
22
Let m = 2 + 0. Let n = 272 - 268. Suppose -n*g - 6 = -22. Calculate the remainder when g is divided by m.
0
Let x = 36946 + -36897. Let n(l) = 7*l + 3. Suppose 2*h - 13 = h. What is the remainder when n(h) is divided by x?
45
Let o be (1 - 3)*(1514/(-4) + 7). Let f = o + -705. What is the remainder when 71 is divided by f?
33
Suppose 2*s + z - 1095 = 0, -4*s + 2359 - 134 = -5*z. What is the remainder when s is divided by 43?
34
Let w(r) be the first derivative of -2*r**2 - 17*r - 87. Suppose 0 = o - 4*o + 126. What is the remainder when o is divided by w(-8)?
12
Let o(d) = 12*d - 36. Let b = -401 + 407. Calculate the remainder when 250 is divided by o(b).
34
Let h(f) be the second derivative of -2*f**3/3 - 23*f**2 - f + 4. What is the remainder when h(-17) is divided by 6?
4
Suppose -4*w + 74 = 2*h, -4*h - 3*w + 193 = 50. Let g = 68 - h. Calculate the remainder when g is divided by -4 - 6/((-6)/17).
7
Suppose -2*h + 57 = -28*i + 27*i, -4*h - i = -111. Suppose -10 = 3*m - h. Calculate the remainder when 92 is divided by m.
2
Suppose 2*n - 984 = -2*l, n = -169*l + 171*l + 501. Calculate the remainder when n is divided by 62.
61
Let c(t) = -5*t**2 + 22*t - 68. Let u be c(4). Calculate the remainder when 254 is divided by 13/((-39)/u) - -6.
20
Let n(z) = 12*z**2 + 563*z + 61. What is the remainder when 434 is divided by n(-47)?
2
Suppose 0 = -2*q - 10, 31*r + 3*q + 1095 = 36*r. What is the remainder when r is divided by 17?
12
Let a be 12/(-15)*(-4 + -1). Suppose 3*v = -5*b + 10 + 103, -3*b + a*v = -62. Calculate the remainder when 109 is divided by b.
21
Let w(b) = 2*b**3 - 2*b**2 + 21*b + 1654. Calculate the remainder when w(0) is divided by 411.
10
Let b(o) = 1205*o - 9396. Calculate the remainder when b(14) is divided by 14.
12
Suppose -w + 10 = -2*t, 14 = w + w + 2*t. Suppose 20*a = -4*b + 21*a + 667, 0 = -3*b + 3*a + 498. Calculate the remainder when b is divided by w.
7
Suppose -30*f - 15*f + 3555 = 0. What is the remainder when 5054 is divided by f?
77
Let g = 196 - 192. Suppose 4*h = g*w - 3*w + 78, 2*w + 4 = 0. What is the remainder when h is divided by 4?
3
What is the remainder when 890 + (-120)/90 + (-84)/(-9) is divided by 6?
4
Suppose -545*o + 4*b = -543*o - 420, o = 5*b + 198. What is the remainder when 273 is divided by o?
55
Let k = 83 - 61. Let n(y) = 6*y - 113. Suppose 4*o - 1 = 11. Calculate the remai